{"id":19,"date":"2016-09-13T17:36:44","date_gmt":"2016-09-13T15:36:44","guid":{"rendered":"http:\/\/www.alois-musik.de\/wordpress\/?page_id=19"},"modified":"2026-01-08T02:02:51","modified_gmt":"2026-01-08T02:02:51","slug":"repertoire","status":"publish","type":"page","link":"http:\/\/www.alois-musik.de\/wordpress\/startseite\/demos\/repertoire\/","title":{"rendered":"Repertoire \/ Video"},"content":{"rendered":"<p><div style=\"width: 525px;\" class=\"wp-video\"><!--[if lt IE 9]><script>document.createElement('video');<\/script><![endif]--><br \/>\n<video class=\"wp-video-shortcode\" id=\"video-19-1\" width=\"525\" height=\"297\" preload=\"metadata\" controls=\"controls\"><source type=\"video\/mp4\" src=\"http:\/\/www.alois-musik.de\/wordpress\/wp-content\/uploads\/2026\/01\/HOCHZEIT-KND.mp4?_=1\" \/><a href=\"http:\/\/www.alois-musik.de\/wordpress\/wp-content\/uploads\/2026\/01\/HOCHZEIT-KND.mp4\">http:\/\/www.alois-musik.de\/wordpress\/wp-content\/uploads\/2026\/01\/HOCHZEIT-KND.mp4<\/a><\/video><\/div>\n<\/p>\n<h6 style=\"text-align: left;\"><strong><span style=\"color: #ff0000;\">Hier nun ein paar H\u00f6rproben aus dem umfangreichen Repertoire<\/span><\/strong><\/h6>\n<p><div id=\"mp3jWrap_0\" class=\"mjp-s-wrapper s-graphic unsel-mjp \" style=\"font-size:11px;\"><span id=\"playpause_wrap_mp3j_0\" class=\"wrap_inline_mp3j\" style=\"font-weight:700;\"><span class=\"group_wrap\"><span class=\"bars_mp3j\"><span class=\"loadB_mp3j\" id=\"load_mp3j_0\"><\/span><span class=\"posbarB_mp3j\" id=\"posbar_mp3j_0\"><\/span><\/span><span class=\"T_mp3j\" id=\"T_mp3j_0\" style=\"font-size:11px;\">1. Ich sterb f\u00fcr dich<\/span><span class=\"indi_mp3j\" style=\"font-size:7.7px;\" id=\"statusMI_0\"><\/span><\/span><span class=\"gfxbutton_mp3j play-mjp\" id=\"playpause_mp3j_0\" style=\"font-size:11px;\">&nbsp;&nbsp;&nbsp;&nbsp;&nbsp;<\/span><\/span><\/div>\n<p><span class=\"s-nosolution\" id=\"mp3j_nosolution_0\" style=\"display:none;\"><\/span><script>\nMP3jPLAYLISTS.inline_0 = [\n\t{ name: \"1. Ich sterb f\u00fcr dich\", formats: [\"mp3\"], mp3: \"aHR0cDovL3d3dy5hbG9pcy1tdXNpay5kZS93b3JkcHJlc3Mvd3AtY29udGVudC91cGxvYWRzLzIwMjAvMDkvSWNoLXN0ZXJiLWbDvHItZGljaC0ubXAz\", counterpart:\"\", artist: \"\", image: \"\", imgurl: \"\" }\n];\n<\/script><\/p>\n<p><script>MP3jPLAYERS[0] = { list: MP3jPLAYLISTS.inline_0, tr:0, type:'single', lstate:'', loop:false, play_txt:'&nbsp;&nbsp;&nbsp;&nbsp;&nbsp;', pause_txt:'&nbsp;&nbsp;&nbsp;&nbsp;&nbsp;', pp_title:'', autoplay:false, download:false, vol:70, height:'' };<\/script><\/p>\n<figure class=\"wp-block-audio\"><audio src=\"http:\/\/www.alois-musik.de\/wordpress\/wp-content\/uploads\/2020\/09\/It-Must-Have-Been-Love-1-1.mp3\" controls=\"controls\"><\/audio><figcaption>It Must Have Been Love<\/figcaption><\/figure>\n<figure class=\"wp-block-audio\"><audio src=\"http:\/\/www.alois-musik.de\/wordpress\/wp-content\/uploads\/2020\/09\/Tornero.-mp3-3.mp3\" controls=\"controls\"><\/audio><figcaption>Tornero<\/figcaption><\/figure>\n<figure class=\"wp-block-audio\"><audio src=\"http:\/\/www.alois-musik.de\/wordpress\/wp-content\/uploads\/2020\/09\/Wiem-ze-jestes-tam-1-2.mp3\" controls=\"controls\"><\/audio><figcaption>Wiem ze jestes tam<\/figcaption><\/figure>\n<figure class=\"wp-block-audio\"><audio src=\"http:\/\/www.alois-musik.de\/wordpress\/wp-content\/uploads\/2020\/09\/Winda-do-Nieba-1-2.mp3\" controls=\"controls\"><\/audio><figcaption>Winda do Nieba<\/figcaption><\/figure>\n<p>&nbsp;<\/p>\n<p><span style=\"color: #ff0000;\"><\/p>\n<p><\/span><\/p>\n<p style=\"text-align: left;\"><span style=\"color: #ffffff;\">Als Alleinunterhalter spiele ich gerne f\u00fcr Sie :. Saxophon \/ Akkordeon \/ Keyboard \/ Gesang auf Deutsch Polnisch Schlesisch, \u00a0Lieder zum Mittsingen mit Akkordeon Begleitung sowie Animation und Moderation in zwei sprachen sowie DJ &#8211; Option inklusive f\u00fcr das j\u00fcngere Publikum.<\/span><\/p>\n<figure class=\"wp-block-image\"><figcaption><strong><span style=\"color: #ffffff;\">SAXOPHON<\/span><\/strong><\/figcaption><\/figure>\n<figure class=\"wp-block-audio\"><audio src=\"http:\/\/www.alois-musik.de\/wordpress\/wp-content\/uploads\/2020\/09\/Saxophon-Nothings-Gonna-Change-My-Love-For-You.mp3\" controls=\"controls\"><\/audio><figcaption>Saxophon &#8211; Nothing&#8217;s Gonna Change My Love For You<\/figcaption><\/figure>\n<p><span style=\"color: #ffffff;\"><strong>Internationale Songs von Oldies bis zu den Allerneusten CHART &#8211; HITS<\/strong><\/span><\/p>\n<figure class=\"wp-block-audio\"><audio src=\"http:\/\/www.alois-musik.de\/wordpress\/wp-content\/uploads\/2018\/07\/Its-A-Heartache-1.mp3\" controls=\"controls\"><\/audio><figcaption>It&#8217;s A Heartache<\/figcaption><\/figure>\n<figure class=\"wp-block-audio\"><audio src=\"http:\/\/www.alois-musik.de\/wordpress\/wp-content\/uploads\/2018\/07\/Dont-be-so-shy-1.mp3\" controls=\"controls\"><\/audio><figcaption>Don&#8217;t be so shy<\/figcaption><\/figure>\n<figure class=\"wp-block-audio\"><audio src=\"http:\/\/www.alois-musik.de\/wordpress\/wp-content\/uploads\/2018\/07\/Die-H\u00f6lle-morgen-Fr\u00fch-1.mp3\" controls=\"controls\"><\/audio><figcaption>Die H\u00f6lle morgen Fr\u00fch<\/figcaption><\/figure>\n<figure class=\"wp-block-audio\"><audio src=\"http:\/\/www.alois-musik.de\/wordpress\/wp-content\/uploads\/2018\/07\/Chce-tu-zostac-1.mp3\" controls=\"controls\"><\/audio><figcaption>Chce tu zostac<\/figcaption><\/figure>\n<figure class=\"wp-block-audio\"><audio src=\"http:\/\/www.alois-musik.de\/wordpress\/wp-content\/uploads\/2018\/07\/Kawiarenki.mp3\" controls=\"controls\"><\/audio><figcaption>Kawiarenki<\/figcaption><\/figure>\n<p>&nbsp;<\/p>\n<hr \/>\n<div class=\"note info \">\n<div class=\"note-inner\">\n<h5><span style=\"color: #ff0000;\"><strong>Unsere Band spielt deutsche, polnische, schlesische, englische italienische, spanische,\u00a0<span style=\"caret-color: #000080;\">Latin\u00a0<\/span>Musik.<\/strong><\/span><\/h5>\n<p><span style=\"color: #ff0000;\"><strong>Songs von 70-er, 80-er, 90-er bis zu den Allerneusten CHART HITS 2025<br \/>Oldies, Pop, Rock, Schlager, Balladen, Musical,\u00a0<span style=\"caret-color: #003300;\">Evergreens<\/span>\u00a0und Klassik<\/strong><\/span><\/p>\n<\/div>\n<\/div>\n<p><div style=\"width: 525px;\" class=\"wp-video\"><video class=\"wp-video-shortcode\" id=\"video-19-2\" width=\"525\" height=\"297\" preload=\"metadata\" controls=\"controls\"><source type=\"video\/mp4\" src=\"https:\/\/www.alois-musik.de\/wordpress\/wp-content\/uploads\/2025\/03\/Alos-Kover-LIve-Saxophon.mp4?_=2\" \/><a href=\"https:\/\/www.alois-musik.de\/wordpress\/wp-content\/uploads\/2025\/03\/Alos-Kover-LIve-Saxophon.mp4\">https:\/\/www.alois-musik.de\/wordpress\/wp-content\/uploads\/2025\/03\/Alos-Kover-LIve-Saxophon.mp4<\/a><\/video><\/div>\n<\/p>\n<p><div style=\"width: 525px;\" class=\"wp-video\"><video class=\"wp-video-shortcode\" id=\"video-19-3\" width=\"525\" height=\"289\" preload=\"metadata\" controls=\"controls\"><source type=\"video\/mp4\" src=\"http:\/\/www.alois-musik.de\/wordpress\/wp-content\/uploads\/2023\/07\/Alois-Saxophon-Live-Teil.I-1.mp4?_=3\" \/><a href=\"http:\/\/www.alois-musik.de\/wordpress\/wp-content\/uploads\/2023\/07\/Alois-Saxophon-Live-Teil.I-1.mp4\">http:\/\/www.alois-musik.de\/wordpress\/wp-content\/uploads\/2023\/07\/Alois-Saxophon-Live-Teil.I-1.mp4<\/a><\/video><\/div>\n<\/p>\n<p><span style=\"color: #ffffff;\"><strong>Unse<\/strong><\/span><\/p>\n<p><div style=\"width: 525px;\" class=\"wp-video\"><video class=\"wp-video-shortcode\" id=\"video-19-4\" width=\"525\" height=\"297\" preload=\"metadata\" controls=\"controls\"><source type=\"video\/mp4\" src=\"http:\/\/www.alois-musik.de\/wordpress\/wp-content\/uploads\/2024\/01\/Kasia-Zakopanem.mp4?_=4\" \/><a href=\"http:\/\/www.alois-musik.de\/wordpress\/wp-content\/uploads\/2024\/01\/Kasia-Zakopanem.mp4\">http:\/\/www.alois-musik.de\/wordpress\/wp-content\/uploads\/2024\/01\/Kasia-Zakopanem.mp4<\/a><\/video><\/div>\n<\/p>\n<p><div style=\"width: 525px;\" class=\"wp-video\"><video class=\"wp-video-shortcode\" id=\"video-19-5\" width=\"525\" height=\"297\" preload=\"metadata\" controls=\"controls\"><source type=\"video\/mp4\" src=\"http:\/\/www.alois-musik.de\/wordpress\/wp-content\/uploads\/2024\/01\/O-SOLE-MIO-SAX-2.mp4?_=5\" \/><a href=\"http:\/\/www.alois-musik.de\/wordpress\/wp-content\/uploads\/2024\/01\/O-SOLE-MIO-SAX-2.mp4\">http:\/\/www.alois-musik.de\/wordpress\/wp-content\/uploads\/2024\/01\/O-SOLE-MIO-SAX-2.mp4<\/a><\/video><\/div>\n<\/p>\n<p><span style=\"color: #ffffff;\"><strong>r Repertoire :<\/strong><\/span><\/p>\n<p><div style=\"width: 464px;\" class=\"wp-video\"><video class=\"wp-video-shortcode\" id=\"video-19-6\" width=\"464\" height=\"848\" preload=\"metadata\" controls=\"controls\"><source type=\"video\/mp4\" src=\"http:\/\/www.alois-musik.de\/wordpress\/wp-content\/uploads\/2024\/01\/Janicak-na-satare-Lata.mp4?_=6\" \/><a href=\"http:\/\/www.alois-musik.de\/wordpress\/wp-content\/uploads\/2024\/01\/Janicak-na-satare-Lata.mp4\">http:\/\/www.alois-musik.de\/wordpress\/wp-content\/uploads\/2024\/01\/Janicak-na-satare-Lata.mp4<\/a><\/video><\/div>\n<\/p>\n<ul>\n<li><span style=\"color: #ffffff;\"><strong>Evergreens<\/strong><\/span><\/li>\n<li><span style=\"color: #ffffff;\"><strong>Oldies<\/strong><\/span><\/li>\n<li><span style=\"color: #ffffff;\"><strong>Pop<\/strong><\/span><\/li>\n<li><span style=\"color: #ffffff;\"><strong>Rock<\/strong><\/span><\/li>\n<li><span style=\"color: #ffffff;\"><strong>Disco Beat<\/strong><\/span><\/li>\n<li><span style=\"color: #ffffff;\"><strong>Country<\/strong><\/span><\/li>\n<li><span style=\"color: #ffffff;\"><strong>Schlager<\/strong><\/span><\/li>\n<li><span style=\"color: #ffffff;\"><strong>Volksmusik<\/strong><\/span><\/li>\n<li><span style=\"color: #ffffff;\"><strong>Polnische Lieder<\/strong><\/span><\/li>\n<li><span style=\"color: #ffffff;\"><strong>Schlesische Lieder<\/strong><\/span><\/li>\n<li><span style=\"color: #ffffff;\"><strong>Italienische Hits<\/strong><\/span><\/li>\n<li><span style=\"color: #ffffff;\"><strong>Latin<\/strong><\/span><\/li>\n<li><span style=\"color: #ffffff;\"><strong>Musical<\/strong><\/span><\/li>\n<li><span style=\"color: #ffffff;\"><strong>Klassik<\/strong><\/span><\/li>\n<\/ul>\n<hr \/>\n<div class=\"note info \">\n<div class=\"note-inner\">\n<p><span style=\"color: #003366;\"><strong>Wir spielen f\u00fcr Sie als:<\/strong><\/span><\/p>\n<p><strong><span style=\"color: #003366;\">Duo, Trio als Live Alleinunterhalter<\/span><span style=\"color: #003366;\"><span style=\"color: #003300;\">,\u00a0<\/span><\/span><span style=\"color: #ff0000;\">Dj<\/span> <span style=\"color: #003366;\">-Option, die Entscheidung liegt bei Ihnen !\u00a0<\/span><\/strong><\/p>\n<p><span style=\"color: #ff9900;\"><\/div>\n<\/div>\n<p><\/span><\/p>\n<p><span style=\"color: #ff0000;\"><strong>Wir\u00a0 verf\u00fcgen \u00fcber modernste Beschallung und Lichttechnik, was unserem Auftritt in jeder beliebigen Raumgr\u00f6\u00dfe erm\u00f6glicht<\/strong><\/span><br \/><span style=\"color: #ff0000;\"><strong>spricht, einen Volumen von 15 bis zu 500 Personen.<\/strong><\/span><\/p>\n<p><span style=\"color: #ff0000;\"><strong>Wir freuen uns, Ihnen unsere Dienstleistungen anbieten zu k\u00f6nnen,<\/strong><\/span><br \/><span style=\"color: #ff0000;\"><strong>Ihre Zufriedenheit \u00fcber unsere Leistungen, stellt uns h\u00f6chste Priorit\u00e4t dar !<\/strong><\/span><\/p>\n<ul>\n<li><span style=\"color: #ffffff;\"><strong>Hochzeit<\/strong><\/span><\/li>\n<li><span style=\"color: #ffffff;\"><strong>Trauung, Taufe<\/strong><\/span><\/li>\n<li><span style=\"color: #ffffff;\"><strong>Jubil\u00e4um<\/strong><\/span><\/li>\n<li><span style=\"color: #ffffff;\"><strong>Geburtstag<\/strong><\/span><\/li>\n<li><span style=\"color: #ffffff;\"><strong>Tanzpartys<\/strong><\/span><\/li>\n<li><span style=\"color: #ffffff;\"><strong>Gala<\/strong><\/span><\/li>\n<li><span style=\"color: #ffffff;\"><strong>Private Feier<\/strong><\/span><\/li>\n<li><span style=\"color: #ffffff;\"><strong>\u00d6ffentliche Veranstaltung<\/strong><\/span><\/li>\n<\/ul>\n<hr \/>\n<p><span style=\"color: #ffffff;\"><!-- \/wp:image --><\/p>\n<p><!-- wp:paragraph --><\/span><\/p>\n<p>&nbsp;<\/p>\n<p><!-- \/wp:paragraph --><\/p>\n<p><!-- wp:paragraph --><\/p>\n<p>&nbsp;<\/p>\n<p><!-- \/wp:paragraph --><\/p>\n<p><!-- wp:paragraph --><\/p>\n<p><div style=\"width: 525px;\" class=\"wp-video\"><video class=\"wp-video-shortcode\" id=\"video-19-7\" width=\"525\" height=\"297\" preload=\"metadata\" controls=\"controls\"><source type=\"video\/mp4\" src=\"https:\/\/www.alois-musik.de\/wordpress\/wp-content\/uploads\/2025\/02\/Jak-sie-masz-Kochanie-Cover.mp4?_=7\" \/><a href=\"https:\/\/www.alois-musik.de\/wordpress\/wp-content\/uploads\/2025\/02\/Jak-sie-masz-Kochanie-Cover.mp4\">https:\/\/www.alois-musik.de\/wordpress\/wp-content\/uploads\/2025\/02\/Jak-sie-masz-Kochanie-Cover.mp4<\/a><\/video><\/div>\n<\/p>\n<p><div style=\"width: 525px;\" class=\"wp-video\"><video class=\"wp-video-shortcode\" id=\"video-19-8\" width=\"525\" height=\"297\" preload=\"metadata\" controls=\"controls\"><source type=\"video\/mp4\" src=\"https:\/\/www.alois-musik.de\/wordpress\/wp-content\/uploads\/2025\/02\/Obiecuje-tobe-Cover.mp4?_=8\" \/><a href=\"https:\/\/www.alois-musik.de\/wordpress\/wp-content\/uploads\/2025\/02\/Obiecuje-tobe-Cover.mp4\">https:\/\/www.alois-musik.de\/wordpress\/wp-content\/uploads\/2025\/02\/Obiecuje-tobe-Cover.mp4<\/a><\/video><\/div>\n<\/p>\n<p><div style=\"width: 525px;\" class=\"wp-video\"><video class=\"wp-video-shortcode\" id=\"video-19-9\" width=\"525\" height=\"297\" preload=\"metadata\" controls=\"controls\"><source type=\"video\/mp4\" src=\"https:\/\/www.alois-musik.de\/wordpress\/wp-content\/uploads\/2025\/02\/Ona-tanczy-dla-mnie-Cober.mp4?_=9\" \/><a href=\"https:\/\/www.alois-musik.de\/wordpress\/wp-content\/uploads\/2025\/02\/Ona-tanczy-dla-mnie-Cober.mp4\">https:\/\/www.alois-musik.de\/wordpress\/wp-content\/uploads\/2025\/02\/Ona-tanczy-dla-mnie-Cober.mp4<\/a><\/video><\/div>\n<\/p>\n<p><div style=\"width: 525px;\" class=\"wp-video\"><video class=\"wp-video-shortcode\" id=\"video-19-10\" width=\"525\" height=\"297\" preload=\"metadata\" controls=\"controls\"><source type=\"video\/mp4\" src=\"https:\/\/www.alois-musik.de\/wordpress\/wp-content\/uploads\/2025\/02\/Despaci-to-Cover.mp4?_=10\" \/><a href=\"https:\/\/www.alois-musik.de\/wordpress\/wp-content\/uploads\/2025\/02\/Despaci-to-Cover.mp4\">https:\/\/www.alois-musik.de\/wordpress\/wp-content\/uploads\/2025\/02\/Despaci-to-Cover.mp4<\/a><\/video><\/div>\n<\/p>\n<p><!-- \/wp:paragraph --><\/p>\n<p><div style=\"width: 480px;\" class=\"wp-video\"><video class=\"wp-video-shortcode\" id=\"video-19-11\" width=\"480\" height=\"864\" preload=\"metadata\" controls=\"controls\"><source type=\"video\/mp4\" src=\"http:\/\/www.alois-musik.de\/wordpress\/wp-content\/uploads\/2024\/01\/2825cae8-1ac0-4835-8fe6-29b61d42c9f4.mp4?_=11\" \/><a href=\"http:\/\/www.alois-musik.de\/wordpress\/wp-content\/uploads\/2024\/01\/2825cae8-1ac0-4835-8fe6-29b61d42c9f4.mp4\">http:\/\/www.alois-musik.de\/wordpress\/wp-content\/uploads\/2024\/01\/2825cae8-1ac0-4835-8fe6-29b61d42c9f4.mp4<\/a><\/video><\/div><\/p>\n","protected":false},"excerpt":{"rendered":"<p>Hier nun ein paar H\u00f6rproben aus dem umfangreichen Repertoire &nbsp; Als Alleinunterhalter spiele ich gerne f\u00fcr Sie :. Saxophon \/ Akkordeon \/ Keyboard \/ Gesang&hellip;<\/p>\n","protected":false},"author":1,"featured_media":2749,"parent":581,"menu_order":10,"comment_status":"closed","ping_status":"closed","template":"","meta":[],"aioseo_notices":[],"_links":{"self":[{"href":"http:\/\/www.alois-musik.de\/wordpress\/wp-json\/wp\/v2\/pages\/19"}],"collection":[{"href":"http:\/\/www.alois-musik.de\/wordpress\/wp-json\/wp\/v2\/pages"}],"about":[{"href":"http:\/\/www.alois-musik.de\/wordpress\/wp-json\/wp\/v2\/types\/page"}],"author":[{"embeddable":true,"href":"http:\/\/www.alois-musik.de\/wordpress\/wp-json\/wp\/v2\/users\/1"}],"replies":[{"embeddable":true,"href":"http:\/\/www.alois-musik.de\/wordpress\/wp-json\/wp\/v2\/comments?post=19"}],"version-history":[{"count":200,"href":"http:\/\/www.alois-musik.de\/wordpress\/wp-json\/wp\/v2\/pages\/19\/revisions"}],"predecessor-version":[{"id":2706,"href":"http:\/\/www.alois-musik.de\/wordpress\/wp-json\/wp\/v2\/pages\/19\/revisions\/2706"}],"up":[{"embeddable":true,"href":"http:\/\/www.alois-musik.de\/wordpress\/wp-json\/wp\/v2\/pages\/581"}],"wp:featuredmedia":[{"embeddable":true,"href":"http:\/\/www.alois-musik.de\/wordpress\/wp-json\/wp\/v2\/media\/2749"}],"wp:attachment":[{"href":"http:\/\/www.alois-musik.de\/wordpress\/wp-json\/wp\/v2\/media?parent=19"}],"curies":[{"name":"wp","href":"https:\/\/api.w.org\/{rel}","templated":true}]}}